{"id":415,"date":"2017-05-23T18:57:37","date_gmt":"2017-05-23T18:57:37","guid":{"rendered":"http:\/\/www.doggylandfamily.ro\/?page_id=415"},"modified":"2019-03-09T21:46:45","modified_gmt":"2019-03-09T21:46:45","slug":"spaying-campain","status":"publish","type":"page","link":"https:\/\/www.doggylandfamily.ro\/index.php\/en\/spaying-campain\/","title":{"rendered":"Spaying campains"},"content":{"rendered":"\n<p><\/p>\n\n\n\n<p>We are constantly running spaying campaigns. This is the only humanly way to prevent suffering.<\/p>\n\n\n\n<p><\/p>\n\n\n<p><a href=\"https:\/\/www.doggylandfamily.ro\/wp-content\/uploads\/2017\/05\/spay2.jpg\"><img loading=\"lazy\" class=\"alignnone wp-image-470 size-medium\" src=\"https:\/\/www.doggylandfamily.ro\/wp-content\/uploads\/2017\/05\/spay2-300x262.jpg\" alt=\"\" width=\"300\" height=\"262\" srcset=\"https:\/\/www.doggylandfamily.ro\/wp-content\/uploads\/2017\/05\/spay2-300x262.jpg 300w, https:\/\/www.doggylandfamily.ro\/wp-content\/uploads\/2017\/05\/spay2.jpg 532w\" sizes=\"(max-width: 300px) 100vw, 300px\" \/><\/a><\/p>\n<p>En\/Fi\/Ro 2018<\/p>\n<p>On 4th April we should celebrate World Stray Animals Day. But, there&#8217;s nothing to celebrate abour being a stray, a homeless, a beggar for food and love .. a constant victim of humans.<br \/>The best thing we can all do for the stray animals is to actually Do Something for them and reduce their number by Spaying and Neutering. We will never find as many adopters as puppies born in the streets..unless we reduce the number and the process.<br \/>This is why we invite you to donate as little (or..as much?) as you can, do not forget the big mountains are made of little stones.. ! People are often ashamed to donate 1 or 2 euro but I&#8217;m kindly asking you, don&#8217;t be ashamed! Rich people usually don&#8217;t help others! Rescui<span class=\"text_exposed_show\">ng animals is about a circle of many helping hands, each of them doing little things with big love and commitment!<\/span><\/p>\n<p>Please use the paypal or account details and specify &#8220;spay a stray campaign&#8221; and please, mention here your donation so we can count how much we have raised.<\/p>\n<p>The price for one spaying is 30 euro (dog up to 25 kilos) or 23 euro for one cat and we hope to raise funds for at least 20 females spayed.<\/p>\n<p>The fund raising will end on 4 April at midnight and the spayings will be scheduled afterwards.<\/p>\n<p>Thank you for the engagement!<\/p>\n<p>Asociatia DoggyLand Family<br \/>Constanta, Romania<\/p>\n<p>Cont RON: RO92RNCB0114152240700001<br \/>Cont EUR: RO65RNCB0114152240700002<br \/>SWIFT RNCBROBU<br \/>Banca Comerciala Romana<\/p>\n<p>paypal: a&#110;&#x64;ra&#x6d;&#x61;n&#111;&#x6c;&#x61;c&#104;&#x65;20&#x30;&#x35;&#64;&#121;&#x61;&#x68;o&#111;&#x2e;c<wbr \/>om<\/p>\n<p>\u00a0<\/p>\n<p><span class=\"text_exposed_show\"><br \/>Huhtikuun nelj\u00e4nten\u00e4 p\u00e4iv\u00e4n\u00e4 vietet\u00e4\u00e4n maailman kodittomien el\u00e4inten p\u00e4iv\u00e4\u00e4. P\u00e4iv\u00e4ss\u00e4 ei kuitenkaan ole mit\u00e4\u00e4n juhlavaa \u2013 siin\u00e4, ett\u00e4 el\u00e4imi\u00e4 on edelleen kodittomina, ruoan ja rakkauden kerj\u00e4l\u00e4isin\u00e4\u2026ihmisten julmuuden jatkuvina uhreina.<br \/>Parasta, mit\u00e4 voimme kodittomien el\u00e4inten hyv\u00e4ksi tehd\u00e4, on se, ett\u00e4 yrit\u00e4mme ennaltaehk\u00e4ist\u00e4 niiden syntymist\u00e4. T\u00e4m\u00e4 tapahtuu steriloimalla kaduilla el\u00e4vi\u00e4 narttukoiria ja kastroimalla uroksia. Kaikille kodittomina syntyville pennuille emme tule koskaan l\u00f6yt\u00e4m\u00e4\u00e4n adoptoijia, mutta sterilointien avulla voimme tulla hiukan l\u00e4hemm\u00e4s t\u00e4t\u00e4 tavoitetta.<br \/>Kutsummekin sinut mukaan sterilointikampanjaan: voit lahjoittaa niin v\u00e4h\u00e4n (tai niin paljon) kuin haluat ja voit, ja yhdess\u00e4 pienist\u00e4 puroista kasvatamme ison virran apua!<br \/>Mik\u00e4\u00e4n lahjoitussumma ei ole liian pieni, jos sill\u00e4 saadaan apua sterilointikampanjaan. Yhdell\u00e4 ja kahdella eurollakin voit jo olla mukana!<\/span><\/p>\n<p>Voit tehd\u00e4 lahjoituksen paypal-tilille, merkitse tietoihin \u201dspay a stray campaign\u201d. Muistathan merkit\u00e4 my\u00f6s lahjoitussumman, jotta voimme tarkistaa miten paljon lahjoitusten kokonaissummaksi tulee.<br \/>Yhden (alle 25-kiloisen) koiran sterilointi maksaa 30 euroa, yhden kissan 23 euroa. Toivottavasti voimme steriloida ainakin 20 narttukoiraa tai kissaa.<br \/>Kampanja p\u00e4\u00e4ttyy 4. huhtikuuta keskiy\u00f6ll\u00e4, ja steriloinnit suoritetaan sen j\u00e4lkeen.<br \/>Kiitos avustasi kodittomien el\u00e4inten hyv\u00e4ksi!<br \/>Asociatia DoggyLand Family<br \/>Constanta, Romania<\/p>\n<p>Cont RON: RO92RNCB0114152240700001<br \/>Cont EUR: RO65RNCB0114152240700002<br \/>SWIFT RNCBROBU<br \/>Banca Comerciala Romana<\/p>\n<p>In fiecare an pe data de 4 Aprilie ar trebui sa celebram ziua mondiala a animalelor comunitare. Dar, nu este nimic de s\u0103rb\u0103torit \u00een a fi comunitar, &#8220;maidanez&#8221;, un cer\u0219etor de hrana \u0219i afec\u021biune..o victima constanta a oamenilor.<br \/>Cel mai bun lucru pe care \u00eel putem face este sa facem Efectiv, Real \u0219i Concret ceva pentru animalele comunitare, reduc\u00e2nd num\u0103rul lor, prin sterilizare. Nu vom g\u0103si niciodat\u0103 adoptatori pentru to\u021bi puii n\u0103scu\u021bi pe strada, dac\u0103 nu reducem num\u0103rul lor.<br \/>De aceea va invitam sa participa\u021bi financiar cu at\u00e2ta cat pute\u021bi, pu\u021bin sau mult. Oamenilor le este cateodata ru\u0219ine sa doneze 1 leu sau 5 sau 10, dar va asigur ca majoritatea oamenilor care ajuta animalele nu sunt boga\u021bi! Ajutorarea animalelor \u00eenseamn\u0103 o comunitate de oameni nu boga\u021bi, dar inimo\u0219i \u0219i implica\u021bi!<\/p>\n<p>Va rugam sa folosi\u021bi paypalul sau conturile bancare de mai jos, men\u021bion\u00e2nd &#8220;campania de castrari&#8221; \u0219i de asemenea sa men\u021biona\u021bi aici ajutorul dvs ca sa contabilizam suma la care s-a ajuns.<\/p>\n<p>\u00cen aceast\u0103 campanie pre\u021bul unei steriliz\u0103ri este de 30 euro \/ 135 lei \/ caine (femela pana \u00een 25 kg) \u0219i 23 euro \/ 100 lei \/ pisica. Speram sa se str\u00e2ng\u0103 bani pentru cel pu\u021bin 20 de castrari.<\/p>\n<p>Str\u00e2ngerea de fonduri se va termina pe 4 Aprilie la miezul nop\u021bii iar castrarile vor fi programate ulterior.<br \/>Mul\u021bumim pentru implicare!<\/p>\n<p>Asociatia DoggyLand Family<br \/>Constanta, Romania<\/p>\n<p>Cont RON: RO92RNCB0114152240700001<br \/>Cont EUR: RO65RNCB0114152240700002<br \/>SWIFT RNCBROBU<br \/>Banca Comerciala Romana<\/p>\n<p>paypal: &#x61;n&#x64;r&#x61;&#109;a&#x6e;o&#x6c;a&#x63;&#104;e&#x32;0&#x30;&#53;&#64;&#x79;a&#x68;o&#x6f;&#46;c<wbr \/>om<\/p>","protected":false},"excerpt":{"rendered":"<p>We are constantly running spaying campaigns. This is the only humanly way to prevent suffering. En\/Fi\/Ro 2018 On 4th April we should celebrate World Stray Animals Day. But, there&#8217;s nothing to celebrate abour being a stray, a homeless, a beggar for food and love .. a constant victim of humans.The best thing we can all [&hellip;]<\/p>\n","protected":false},"author":1,"featured_media":0,"parent":0,"menu_order":0,"comment_status":"closed","ping_status":"closed","template":"","meta":{"_exactmetrics_skip_tracking":false,"_exactmetrics_sitenote_active":false,"_exactmetrics_sitenote_note":"","_exactmetrics_sitenote_category":0},"yoast_head":"<!-- This site is optimized with the Yoast SEO plugin v19.13 - https:\/\/yoast.com\/wordpress\/plugins\/seo\/ -->\n<title>Spaying campains - DoggyLand Family<\/title>\n<meta name=\"robots\" content=\"index, follow, max-snippet:-1, max-image-preview:large, max-video-preview:-1\" \/>\n<link rel=\"canonical\" href=\"https:\/\/www.doggylandfamily.ro\/index.php\/en\/spaying-campain\/\" \/>\n<meta property=\"og:locale\" content=\"en_US\" \/>\n<meta property=\"og:type\" content=\"article\" \/>\n<meta property=\"og:title\" content=\"Spaying campains - DoggyLand Family\" \/>\n<meta property=\"og:description\" content=\"We are constantly running spaying campaigns. This is the only humanly way to prevent suffering. En\/Fi\/Ro 2018 On 4th April we should celebrate World Stray Animals Day. But, there&#8217;s nothing to celebrate abour being a stray, a homeless, a beggar for food and love .. a constant victim of humans.The best thing we can all [&hellip;]\" \/>\n<meta property=\"og:url\" content=\"https:\/\/www.doggylandfamily.ro\/index.php\/en\/spaying-campain\/\" \/>\n<meta property=\"og:site_name\" content=\"DoggyLand Family\" \/>\n<meta property=\"article:publisher\" content=\"https:\/\/www.facebook.com\/doggylandfamily\/\" \/>\n<meta property=\"article:modified_time\" content=\"2019-03-09T21:46:45+00:00\" \/>\n<meta property=\"og:image\" content=\"https:\/\/www.doggylandfamily.ro\/wp-content\/uploads\/2017\/05\/spay2-300x262.jpg\" \/>\n<meta name=\"twitter:card\" content=\"summary_large_image\" \/>\n<meta name=\"twitter:label1\" content=\"Est. reading time\" \/>\n\t<meta name=\"twitter:data1\" content=\"4 minutes\" \/>\n<script type=\"application\/ld+json\" class=\"yoast-schema-graph\">{\"@context\":\"https:\/\/schema.org\",\"@graph\":[{\"@type\":\"WebPage\",\"@id\":\"https:\/\/www.doggylandfamily.ro\/index.php\/en\/spaying-campain\/\",\"url\":\"https:\/\/www.doggylandfamily.ro\/index.php\/en\/spaying-campain\/\",\"name\":\"Spaying campains - DoggyLand Family\",\"isPartOf\":{\"@id\":\"https:\/\/www.doggylandfamily.ro\/#website\"},\"datePublished\":\"2017-05-23T18:57:37+00:00\",\"dateModified\":\"2019-03-09T21:46:45+00:00\",\"breadcrumb\":{\"@id\":\"https:\/\/www.doggylandfamily.ro\/index.php\/en\/spaying-campain\/#breadcrumb\"},\"inLanguage\":\"en-US\",\"potentialAction\":[{\"@type\":\"ReadAction\",\"target\":[\"https:\/\/www.doggylandfamily.ro\/index.php\/en\/spaying-campain\/\"]}]},{\"@type\":\"BreadcrumbList\",\"@id\":\"https:\/\/www.doggylandfamily.ro\/index.php\/en\/spaying-campain\/#breadcrumb\",\"itemListElement\":[{\"@type\":\"ListItem\",\"position\":1,\"name\":\"Home\",\"item\":\"https:\/\/www.doggylandfamily.ro\/index.php\/en\/home\/\"},{\"@type\":\"ListItem\",\"position\":2,\"name\":\"Spaying campains\"}]},{\"@type\":\"WebSite\",\"@id\":\"https:\/\/www.doggylandfamily.ro\/#website\",\"url\":\"https:\/\/www.doggylandfamily.ro\/\",\"name\":\"DoggyLand Family\",\"description\":\"Shelter is not Home\",\"potentialAction\":[{\"@type\":\"SearchAction\",\"target\":{\"@type\":\"EntryPoint\",\"urlTemplate\":\"https:\/\/www.doggylandfamily.ro\/?s={search_term_string}\"},\"query-input\":\"required name=search_term_string\"}],\"inLanguage\":\"en-US\"}]}<\/script>\n<!-- \/ Yoast SEO plugin. -->","yoast_head_json":{"title":"Spaying campains - DoggyLand Family","robots":{"index":"index","follow":"follow","max-snippet":"max-snippet:-1","max-image-preview":"max-image-preview:large","max-video-preview":"max-video-preview:-1"},"canonical":"https:\/\/www.doggylandfamily.ro\/index.php\/en\/spaying-campain\/","og_locale":"en_US","og_type":"article","og_title":"Spaying campains - DoggyLand Family","og_description":"We are constantly running spaying campaigns. This is the only humanly way to prevent suffering. En\/Fi\/Ro 2018 On 4th April we should celebrate World Stray Animals Day. But, there&#8217;s nothing to celebrate abour being a stray, a homeless, a beggar for food and love .. a constant victim of humans.The best thing we can all [&hellip;]","og_url":"https:\/\/www.doggylandfamily.ro\/index.php\/en\/spaying-campain\/","og_site_name":"DoggyLand Family","article_publisher":"https:\/\/www.facebook.com\/doggylandfamily\/","article_modified_time":"2019-03-09T21:46:45+00:00","og_image":[{"url":"https:\/\/www.doggylandfamily.ro\/wp-content\/uploads\/2017\/05\/spay2-300x262.jpg"}],"twitter_card":"summary_large_image","twitter_misc":{"Est. reading time":"4 minutes"},"schema":{"@context":"https:\/\/schema.org","@graph":[{"@type":"WebPage","@id":"https:\/\/www.doggylandfamily.ro\/index.php\/en\/spaying-campain\/","url":"https:\/\/www.doggylandfamily.ro\/index.php\/en\/spaying-campain\/","name":"Spaying campains - DoggyLand Family","isPartOf":{"@id":"https:\/\/www.doggylandfamily.ro\/#website"},"datePublished":"2017-05-23T18:57:37+00:00","dateModified":"2019-03-09T21:46:45+00:00","breadcrumb":{"@id":"https:\/\/www.doggylandfamily.ro\/index.php\/en\/spaying-campain\/#breadcrumb"},"inLanguage":"en-US","potentialAction":[{"@type":"ReadAction","target":["https:\/\/www.doggylandfamily.ro\/index.php\/en\/spaying-campain\/"]}]},{"@type":"BreadcrumbList","@id":"https:\/\/www.doggylandfamily.ro\/index.php\/en\/spaying-campain\/#breadcrumb","itemListElement":[{"@type":"ListItem","position":1,"name":"Home","item":"https:\/\/www.doggylandfamily.ro\/index.php\/en\/home\/"},{"@type":"ListItem","position":2,"name":"Spaying campains"}]},{"@type":"WebSite","@id":"https:\/\/www.doggylandfamily.ro\/#website","url":"https:\/\/www.doggylandfamily.ro\/","name":"DoggyLand Family","description":"Shelter is not Home","potentialAction":[{"@type":"SearchAction","target":{"@type":"EntryPoint","urlTemplate":"https:\/\/www.doggylandfamily.ro\/?s={search_term_string}"},"query-input":"required name=search_term_string"}],"inLanguage":"en-US"}]}},"_links":{"self":[{"href":"https:\/\/www.doggylandfamily.ro\/index.php\/wp-json\/wp\/v2\/pages\/415"}],"collection":[{"href":"https:\/\/www.doggylandfamily.ro\/index.php\/wp-json\/wp\/v2\/pages"}],"about":[{"href":"https:\/\/www.doggylandfamily.ro\/index.php\/wp-json\/wp\/v2\/types\/page"}],"author":[{"embeddable":true,"href":"https:\/\/www.doggylandfamily.ro\/index.php\/wp-json\/wp\/v2\/users\/1"}],"replies":[{"embeddable":true,"href":"https:\/\/www.doggylandfamily.ro\/index.php\/wp-json\/wp\/v2\/comments?post=415"}],"version-history":[{"count":4,"href":"https:\/\/www.doggylandfamily.ro\/index.php\/wp-json\/wp\/v2\/pages\/415\/revisions"}],"predecessor-version":[{"id":798,"href":"https:\/\/www.doggylandfamily.ro\/index.php\/wp-json\/wp\/v2\/pages\/415\/revisions\/798"}],"wp:attachment":[{"href":"https:\/\/www.doggylandfamily.ro\/index.php\/wp-json\/wp\/v2\/media?parent=415"}],"curies":[{"name":"wp","href":"https:\/\/api.w.org\/{rel}","templated":true}]}}